{"id":1292,"date":"2024-02-06T11:36:54","date_gmt":"2024-02-06T10:36:54","guid":{"rendered":"https:\/\/jeanbruneau.com\/?post_type=project&#038;p=1292"},"modified":"2024-03-27T15:47:37","modified_gmt":"2024-03-27T14:47:37","slug":"irlande","status":"publish","type":"project","link":"https:\/\/jeanbruneau.com\/en\/project\/irlande\/","title":{"rendered":"Ireland and London in 1968"},"content":{"rendered":"<p>[et_pb_section fb_built=\u00a0\u00bb1&Prime; _builder_version=\u00a0\u00bb4.23.4&Prime; _module_preset=\u00a0\u00bbdefault\u00a0\u00bb global_colors_info=\u00a0\u00bb{}\u00a0\u00bb][et_pb_row _builder_version=\u00a0\u00bb4.23.4&Prime; _module_preset=\u00a0\u00bbdefault\u00a0\u00bb global_colors_info=\u00a0\u00bb{}\u00a0\u00bb][et_pb_column type=\u00a0\u00bb4_4&Prime; _builder_version=\u00a0\u00bb4.23.4&Prime; _module_preset=\u00a0\u00bbdefault\u00a0\u00bb global_colors_info=\u00a0\u00bb{}\u00a0\u00bb][et_pb_text _builder_version=\u00a0\u00bb4.23.4&Prime; _dynamic_attributes=\u00a0\u00bbcontent\u00a0\u00bb _module_preset=\u00a0\u00bbdefault\u00a0\u00bb header_text_align=\u00a0\u00bbcenter\u00a0\u00bb global_colors_info=\u00a0\u00bb{}\u00a0\u00bb]@ET-DC@eyJkeW5hbWljIjp0cnVlLCJjb250ZW50IjoicG9zdF90aXRsZSIsInNldHRpbmdzIjp7ImJlZm9yZSI6IjxoMT4iLCJhZnRlciI6IjwvaDE+In19@[\/et_pb_text][\/et_pb_column][\/et_pb_row][et_pb_row use_custom_gutter=\u00a0\u00bbon\u00a0\u00bb gutter_width=\u00a0\u00bb2&Prime; make_equal=\u00a0\u00bbon\u00a0\u00bb _builder_version=\u00a0\u00bb4.23.4&Prime; _module_preset=\u00a0\u00bbdefault\u00a0\u00bb width=\u00a0\u00bb95%\u00a0\u00bb max_width=\u00a0\u00bb95%\u00a0\u00bb global_colors_info=\u00a0\u00bb{}\u00a0\u00bb][et_pb_column type=\u00a0\u00bb4_4&Prime; _builder_version=\u00a0\u00bb4.23.4&Prime; _module_preset=\u00a0\u00bbdefault\u00a0\u00bb global_colors_info=\u00a0\u00bb{}\u00a0\u00bb][et_pb_text _builder_version=\u00a0\u00bb4.24.2&Prime; _module_preset=\u00a0\u00bbdefault\u00a0\u00bb custom_padding=\u00a0\u00bb13px||0px|||\u00a0\u00bb hover_enabled=\u00a0\u00bb0&Prime; global_colors_info=\u00a0\u00bb{}\u00a0\u00bb sticky_enabled=\u00a0\u00bb0&Prime;]<\/p>\n<p>L\u2019Irlande. Ses harmonieux mariages de landes, tourbi\u00e8res, bois et prairies, teint\u00e9s d\u2019un climat souvent taciturne, offrent \u00e0 l\u2019artiste une palette de verts et de gris qui lui sont chers. Jean Bruneau gardera un souvenir \u00e9merveill\u00e9 de ses paysages et des Irlandais.<br \/>Son voyage s\u2019arr\u00eatera \u00e9galement \u00e0 Londres, o\u00f9 son \u0153il aiguis\u00e9 ne r\u00e9sistera pas \u00e0 l\u2019envie de \u00ab croquer \u00bb quelques personnages de rues, dont l\u2019harmonie des couleurs est parfois bien \u00e9loign\u00e9e des paysages irlandais!<\/p>\n<p>&nbsp;<\/p>\n<p>[\/et_pb_text][et_pb_gallery gallery_ids=\u00a0\u00bb1367,1298,1297,1296,1366,1365,1364,1363,1362,1360,1361,1359,1358,1357,1356,1355&Prime; posts_number=\u00a0\u00bb20&Prime; show_title_and_caption=\u00a0\u00bboff\u00a0\u00bb zoom_icon_color=\u00a0\u00bb#FFFFFF\u00a0\u00bb hover_overlay_color=\u00a0\u00bbrgba(0,0,0,0.31)\u00a0\u00bb hover_icon=\u00a0\u00bb&#x55;||divi||400&Prime; _builder_version=\u00a0\u00bb4.24.0&Prime; _module_preset=\u00a0\u00bbdefault\u00a0\u00bb text_orientation=\u00a0\u00bbcenter\u00a0\u00bb global_colors_info=\u00a0\u00bb{}\u00a0\u00bb][\/et_pb_gallery][\/et_pb_column][\/et_pb_row][\/et_pb_section]<\/p>\n","protected":false},"excerpt":{"rendered":"<p>L\u2019Irlande. Ses harmonieux mariages de landes, tourbi\u00e8res, bois et prairies, teint\u00e9s d\u2019un climat souvent taciturne, offrent \u00e0 l\u2019artiste une palette de verts et de gris qui lui sont chers. Jean Bruneau gardera un souvenir \u00e9merveill\u00e9 de ses paysages et des Irlandais.Son voyage s\u2019arr\u00eatera \u00e9galement \u00e0 Londres, o\u00f9 son \u0153il aiguis\u00e9 ne r\u00e9sistera pas \u00e0 l\u2019envie de \u00ab croquer \u00bb quelques personnages de rues, dont l\u2019harmonie des couleurs est parfois bien \u00e9loign\u00e9e des paysages irlandais! &nbsp;<\/p>","protected":false},"author":2,"featured_media":1367,"comment_status":"open","ping_status":"closed","template":"","meta":{"_et_pb_use_builder":"on","_et_pb_old_content":"","_et_gb_content_width":"","footnotes":""},"project_category":[74,59],"project_tag":[],"class_list":["post-1292","project","type-project","status-publish","has-post-thumbnail","hentry","project_category-irlande","project_category-voyages-de-jean-bruneau"],"_links":{"self":[{"href":"https:\/\/jeanbruneau.com\/en\/wp-json\/wp\/v2\/project\/1292","targetHints":{"allow":["GET"]}}],"collection":[{"href":"https:\/\/jeanbruneau.com\/en\/wp-json\/wp\/v2\/project"}],"about":[{"href":"https:\/\/jeanbruneau.com\/en\/wp-json\/wp\/v2\/types\/project"}],"author":[{"embeddable":true,"href":"https:\/\/jeanbruneau.com\/en\/wp-json\/wp\/v2\/users\/2"}],"replies":[{"embeddable":true,"href":"https:\/\/jeanbruneau.com\/en\/wp-json\/wp\/v2\/comments?post=1292"}],"version-history":[{"count":12,"href":"https:\/\/jeanbruneau.com\/en\/wp-json\/wp\/v2\/project\/1292\/revisions"}],"predecessor-version":[{"id":2486,"href":"https:\/\/jeanbruneau.com\/en\/wp-json\/wp\/v2\/project\/1292\/revisions\/2486"}],"wp:featuredmedia":[{"embeddable":true,"href":"https:\/\/jeanbruneau.com\/en\/wp-json\/wp\/v2\/media\/1367"}],"wp:attachment":[{"href":"https:\/\/jeanbruneau.com\/en\/wp-json\/wp\/v2\/media?parent=1292"}],"wp:term":[{"taxonomy":"project_category","embeddable":true,"href":"https:\/\/jeanbruneau.com\/en\/wp-json\/wp\/v2\/project_category?post=1292"},{"taxonomy":"project_tag","embeddable":true,"href":"https:\/\/jeanbruneau.com\/en\/wp-json\/wp\/v2\/project_tag?post=1292"}],"curies":[{"name":"wp","href":"https:\/\/api.w.org\/{rel}","templated":true}]}}

<p>[et_pb_section fb_built= »1&Prime; _builder_version= »4.23.4&Prime; _module_preset= »default » global_colors_info= »{} »][et_pb_row _builder_version= »4.23.4&Prime; _module_preset= »default » global_colors_info= »{} »][et_pb_column type= »4_4&Prime; _builder_version= »4.23.4&Prime; _module_preset= »default » global_colors_info= »{} »][et_pb_text _builder_version= »4.23.4&Prime; _dynamic_attributes= »content » _module_preset= »default » header_text_align= »center » global_colors_info= »{} »]@ET-DC@eyJkeW5hbWljIjp0cnVlLCJjb250ZW50IjoicG9zdF90aXRsZSIsInNldHRpbmdzIjp7ImJlZm9yZSI6IjxoMT4iLCJhZnRlciI6IjwvaDE+In19@[/et_pb_text][/et_pb_column][/et_pb_row][et_pb_row use_custom_gutter= »on » gutter_width= »2&Prime; make_equal= »on » _builder_version= »4.23.4&Prime; _module_preset= »default » width= »95% » max_width= »95% » global_colors_info= »{} »][et_pb_column type= »4_4&Prime; _builder_version= »4.23.4&Prime; _module_preset= »default » global_colors_info= »{} »][et_pb_text _builder_version= »4.24.2&Prime; _module_preset= »default » custom_padding= »13px||0px||| » hover_enabled= »0&Prime; global_colors_info= »{} » sticky_enabled= »0&Prime;]</p>
<p>L’Irlande. Ses harmonieux mariages de landes, tourbières, bois et prairies, teintés d’un climat souvent taciturne, offrent à l’artiste une palette de verts et de gris qui lui sont chers. Jean Bruneau gardera un souvenir émerveillé de ses paysages et des Irlandais.<br />Son voyage s’arrêtera également à Londres, où son œil aiguisé ne résistera pas à l’envie de « croquer » quelques personnages de rues, dont l’harmonie des couleurs est parfois bien éloignée des paysages irlandais!</p>
<p>&nbsp;</p>
<p>[/et_pb_text][et_pb_gallery gallery_ids= »1367,1298,1297,1296,1366,1365,1364,1363,1362,1360,1361,1359,1358,1357,1356,1355&Prime; posts_number= »20&Prime; show_title_and_caption= »off » zoom_icon_color= »#FFFFFF » hover_overlay_color= »rgba(0,0,0,0.31) » hover_icon= »&#x55;||divi||400&Prime; _builder_version= »4.24.0&Prime; _module_preset= »default » text_orientation= »center » global_colors_info= »{} »][/et_pb_gallery][/et_pb_column][/et_pb_row][/et_pb_section]</p>

<p>L’Irlande. Ses harmonieux mariages de landes, tourbières, bois et prairies, teintés d’un climat souvent taciturne, offrent à l’artiste une palette de verts et de gris qui lui sont chers. Jean Bruneau gardera un souvenir émerveillé de ses paysages et des Irlandais.Son voyage s’arrêtera également à Londres, où son œil aiguisé ne résistera pas à l’envie de « croquer » quelques personnages de rues, dont l’harmonie des couleurs est parfois bien éloignée des paysages irlandais! &nbsp;</p>
